t the prime factors of q.
3, 19
Let b = -225 - -489. List the prime factors of b.
2, 3, 11
Suppose 29*t + 464 = 31*t. What are the prime factors of t?
2, 29
Let m = 54 - -57. List the prime factors of (74/m)/((-196)/198 - -1).
2, 3, 11
Let u(v) = -v**3 + 12*v**2 - 12*v - 9. Let f be u(10). Let n = -4 + 7. Suppose -f = -4*d - s, n*d - 2*s - 36 = 3*s. List the prime factors of d.
17
Suppose 3*v - 78 = d - 4*d, -v = -2*d + 64. Let b = d - 10. Let z = 54 - b. What are the prime factors of z?
2, 17
Suppose 12*i - 16*i = -4712. List the prime factors of i.
2, 19, 31
Let a be (56/5)/((-10)/(-50)). Suppose 5*v = -6 + a. Suppose -v = -p - 9*f + 4*f, 4*f - 41 = -3*p. What are the prime factors of p?
3, 5
Suppose -3*x = -2*i - 1318, -5*i + 0 - 10 = 0. List the prime factors of x.
2, 3, 73
Let z(u) = 6*u - 12. Let o be z(3). List the prime factors of (192/10)/(o/20).
2
Let g = -1317 - -1911. List the prime factors of g.
2, 3, 11
Let x(h) = 106*h + 42. What are the prime factors of x(5)?
2, 11, 13
Suppose 3*q - 18107 = -7*p + 2*p, 3*p - 10865 = -2*q. List the prime factors of p.
7, 11, 47
Let c(u) = -13*u**3 + 2*u + 1. Let l(q) = -q**3 - 6*q**2 + q + 4. Let p be l(-6). Let m(t) = -t**2 - t + 1. Let o be m(p). What are the prime factors of c(o)?
2, 3
Let w(u) = u + 79. Let x be w(-25). Let i = 242 - x. List the prime factors of i.
2, 47
Let b = -19 - 5. Let j = 44 + b. List the prime factors of j.
2, 5
List the prime factors of (5955/30 - -17)/((-1)/(-14)).
7, 431
What are the prime factors of 10/(-10)*3 + 1385?
2, 691
Suppose 0 = 2*l - 4*l + 22. Suppose -13*t = -l*t - 24. List the prime factors of t.
2, 3
List the prime factors of (171/(-36))/19 + 1514/8.
3, 7
Let m = 308 - 461. Let z = m + 232. List the prime factors of z.
79
Let p(c) = -c + 14. Suppose 0 = 4*k - 4*r + 17 - 73, 0 = -3*k + r + 34. Let h be p(k). List the prime factors of ((-16)/(-20))/(h/20).
2
Let t(r) = -r**3 + 7*r**2 - 4*r - 6. Let q be t(4). Suppose q = -3*l + 80. Let s = -14 + l. List the prime factors of s.
2
Let t(w) = w**3 - 4*w**2 + 5. Suppose 5*p + 15 = 2*o, 4*o + 3*p - 22 = -o. Let a be t(o). Let d = a + -18. What are the prime factors of d?
2, 3
Suppose -m = 5*m - 78. Suppose 34 = 3*p - 3*c + m, -5*p + c = -47. Suppose a - 39 = p. List the prime factors of a.
7
Suppose -5*p - 6 = -8*p. Let k(b) = 7*b + 5 + 5*b + 0 - 2. List the prime factors of k(p).
3
Let h(w) be the third derivative of -43*w**4/24 - w**3/2 - 6*w**2. What are the prime factors of h(-5)?
2, 53
Suppose -2*m - 188 = 2*r - 1028, 5*r - 2091 = 4*m. Let a = r - 236. What are the prime factors of a?
3, 61
Let g(p) = -3 + 0 + p**3 - 3*p + 6 - p. What are the prime factors of g(5)?
2, 3
Let m = 2347 - -552. What are the prime factors of m?
13, 223
Let i(s) = 13*s**2 + 6*s - 1. Suppose 0 = 3*g + 3*b + 15, -2*g + b = 2*g + 10. List the prime factors of i(g).
2, 7
List the prime factors of 210940/70 + 9/(-21).
23, 131
Let b be (0 - (-1)/(-2))*-8. Let h = -3 - b. Let g = h - -16. List the prime factors of g.
3
Suppose z + 0*z = 0. Let q = -7 + z. Let n = q + 16. What are the prime factors of n?
3
Let u be 2/(-4)*(1 - 5). Let q = 19 - 14. Suppose 0 = -v - 4, -108 = -q*o + u*v. List the prime factors of o.
2, 5
Suppose -3*m + 1365 = -2*v, -3*m - 4*v = -1722 + 375. What are the prime factors of m?
3, 151
Let r(b) = 11*b**2 - 3*b. Let k be r(2). Let g = k - 26. Suppose -10*l - 50 = -g*l. What are the prime factors of l?
5
Let k(l) = 3*l**3 + 22*l**2 + 8*l - 5. Let z = 33 + -39. What are the prime factors of k(z)?
7, 13
Let z(o) = -o**2 + 2*o - 4. Let m be z(2). Let w(q) = -q - 2. Let p be w(m). Suppose -3*h + 220 = p*h. List the prime factors of h.
2, 11
Let m(n) be the third derivative of n**6/360 + n**4/12 + n**3/2 - n**2. Let i(d) be the first derivative of m(d). List the prime factors of i(4).
2, 3
Let a = -3155 - -4465. Let l = 746 - a. What are the prime factors of 2/11 - l/44?
13
Suppose 3 + 0 = c, -z = -3*c. Let n(m) = -m**3 + 10*m**2 - m - 2. List the prime factors of n(z).
2, 5, 7
Suppose 0 = 609*f - 600*f - 23832. What are the prime factors of f?
2, 331
Suppose -127 = 3*q - 8*q - 4*j, -4*q + 110 = -j. Let g be -8 + 0 - (-3 - -4). Let k = q + g. List the prime factors of k.
2, 3
Suppose 0 + 15 = 3*s + 3*p, 5 = 4*s + p. Suppose s = 6*w - 42 - 414. What are the prime factors of w?
2, 19
Let m = -7 - -15. Let c be m/(-20)*2*-5. Suppose 282 = c*l + 3*y, -2*y - 90 + 370 = 4*l. What are the prime factors of l?
3, 23
List the prime factors of (-2223624)/(-780) - (-2 - (-18)/10).
2851
Let s = 140 - -233. What are the prime factors of s?
373
Suppose 12*i + 9434 = 39170. What are the prime factors of i?
2, 3, 7, 59
Suppose 12*d + 3*d - 13320 = 0. List the prime factors of d.
2, 3, 37
Let d be 3/(-24) + (-25)/(-8). Suppose -d*y + 16 = 2*g, -5*y + 5 = -3*g + 2*g. Let i(f) = 5*f**3 + f**2 + 2. What are the prime factors of i(y)?
2, 23
Let r(f) = 18*f + 13. List the prime factors of r(0).
13
Let i be 0/((-2)/1) + 3. Suppose 0 = i*t - t + 4. List the prime factors of t + 28 + 0 + -1.
5
Suppose -28*y + 33*y - 2545 = 0. List the prime factors of y.
509
Let r be (-3)/((-8)/(-28) - (-9)/(-7)). Suppose -2 = p + r, 5*n - 570 = p. List the prime factors of n.
113
Suppose 4*m + 5*h - 1047 = 0, -5*m + 570 = h - 723. What are the prime factors of m?
2, 3, 43
Suppose 0 = -0*p + 3*p - 18. Suppose -d = p*d - 21. What are the prime factors of d?
3
Let q(u) = -39*u + 1048. What are the prime factors of q(-30)?
2, 1109
Suppose -2*d = -13*n + 15*n - 928, 2*d + n = 930. What are the prime factors of d?
2, 233
List the prime factors of (-241896)/(-432) + (-2)/(-36).
2, 5, 7
Suppose 567 = 3*j + 3*a, 3*j - 602 = 2*a + 2*a. Suppose 5*n - j = 326. What are the prime factors of n?
2, 13
Let t(x) = -11*x - 13. Let g be t(-9). Let j = g + -20. Suppose -j - 47 = -5*z + 4*n, 4*z - 92 = 4*n. List the prime factors of z.
3, 7
Let b(n) = 30*n - 10. What are the prime factors of b(12)?
2, 5, 7
Suppose -146*m = -142*m - 800. List the prime factors of m.
2, 5
Let d = 2470 + -1451. List the prime factors of d.
1019
Let b = 17 - 31. What are the prime factors of 1161/21 + 4/b?
5, 11
Let i be 4*6*3/9. List the prime factors of (-2)/(-8) - (-166)/i.
3, 7
Let j(g) = 82*g - 143. What are the prime factors of j(20)?
3, 499
Suppose 2 = -8*r + 9*r. What are the prime factors of ((-1128)/20)/(r/(-10))?
2, 3, 47
Let o be 10/3*6 + 0. Suppose 4*n = -3*z + z + 106, -4*n - o = 0. Suppose -45 = -4*c + z. What are the prime factors of c?
3
Let g = 1 + 6. Let i(q) be the third derivative of q**4/6 + 5*q**3/6 + 133*q**2. List the prime factors of i(g).
3, 11
Suppose f - 141 = 768. List the prime factors of f.
3, 101
Suppose n - 3*n = -38. Let c = n + -51. Let y = 63 + c. What are the prime factors of y?
31
Let y be (-100)/7 + 10/35. Let i = -11 - y. Suppose 0*n - i*u = -2*n + 64, -4*u = -5*n + 153. List the prime factors of n.
29
Suppose f - 127 = -124. Suppose -f*g = -0*g - 9, -a = -5*g - 43. What are the prime factors of a?
2, 29
Let q = 3 - 0. Suppose 0 = -4*s - 2*p + 18, q*p = -4*s - 0*s + 21. Suppose -2*f + 104 = -4*j, 5*f - s*j = -0*f + 225. List the prime factors of f.
2, 3, 7
Let i(r) = r**3 - 13*r**2 + 13*r - 7. Let p be i(12). Suppose p*c = -19 + 124. Let n = c + 12. List the prime factors of n.
3, 11
Let y = 11 - 11. Suppose -3*z + y*z = -3*l + 438, -3*z + 408 = 3*l. What are the prime factors of l?
3, 47
Suppose z - 170 - 331 = 0. What are the prime factors of z?
3, 167
Suppose -5*b + 16 = 4*d, -5*b + d = -0*d + 4. Let t(c) = -c**2 - 3*c + 41. List the prime factors of t(b).
41
Suppose -c - 3518 = -5*u, -2*u + 0*u + 1397 = 3*c. What are the prime factors of u?
19, 37
Let q be ((-1)/3)/(1/(-9)). Suppose -205 + 61 = -q*m. What are the prime factors of m?
2, 3
Suppose -4*j + 2*h = -462, 3*h + 352 + 109 = 4*j. List the prime factors of j.
2, 29
Let u(k) = 3*k**2 - 11*k - 1. Let r be u(3). Let t(v) = -29*v + 34. List the prime factors of t(r).
3, 79
Suppose 8*p - 3*p = -z + 9, -2*z + 3 = -5*p. What are the prime factors of (-14)/(1/p*-1)?
2, 7
Let z = -29 - -29. Suppose z = -t - 5*t + 606. What are the prime factors of t?
101
Let y = 63 + -29. Suppose 0 = -v + 17 + y. What are the prime factors of v?
3, 17
Suppose -458*h - 63570 = -471*h. What are the prime factors of h?
2